{"id":579,"date":"2021-02-22T23:01:35","date_gmt":"2021-02-22T22:01:35","guid":{"rendered":"https:\/\/www.blaiswatt.fr\/?page_id=579"},"modified":"2025-01-20T17:52:50","modified_gmt":"2025-01-20T16:52:50","slug":"la-societe-b-watt41","status":"publish","type":"page","link":"https:\/\/old.blaiswatt.fr\/?page_id=579","title":{"rendered":"La soci\u00e9t\u00e9 B.Watt41"},"content":{"rendered":"\t\t<div data-elementor-type=\"wp-page\" data-elementor-id=\"579\" class=\"elementor elementor-579\">\n\t\t\t\t\t\t<section class=\"elementor-section elementor-top-section elementor-element elementor-element-1f181664 elementor-section-boxed elementor-section-height-default elementor-section-height-default\" data-id=\"1f181664\" data-element_type=\"section\" data-e-type=\"section\">\n\t\t\t\t\t\t<div class=\"elementor-container elementor-column-gap-default\">\n\t\t\t\t\t<div class=\"elementor-column elementor-col-100 elementor-top-column elementor-element elementor-element-20d14935\" data-id=\"20d14935\" data-element_type=\"column\" data-e-type=\"column\">\n\t\t\t<div class=\"elementor-widget-wrap elementor-element-populated\">\n\t\t\t\t\t\t<div class=\"elementor-element elementor-element-bd3c10c elementor-widget elementor-widget-heading\" data-id=\"bd3c10c\" data-element_type=\"widget\" data-e-type=\"widget\" data-widget_type=\"heading.default\">\n\t\t\t\t<div class=\"elementor-widget-container\">\n\t\t\t\t\t<h2 class=\"elementor-heading-title elementor-size-default\">Pourquoi une soci\u00e9t\u00e9 ?<\/h2>\t\t\t\t<\/div>\n\t\t\t\t<\/div>\n\t\t\t\t<div class=\"elementor-element elementor-element-46fbc372 elementor-widget elementor-widget-text-editor\" data-id=\"46fbc372\" data-element_type=\"widget\" data-e-type=\"widget\" data-widget_type=\"text-editor.default\">\n\t\t\t\t<div class=\"elementor-widget-container\">\n\t\t\t\t\t\t\t\t\t\n<p>Le collectif Blais&rsquo;Watt se propose de se r\u00e9approprier la question de l\u2019\u00e9nergie, en :<br \/>&#8211; D\u00e9veloppant la production d\u00e9centralis\u00e9e \u00e0 partir de ressources renouvelables,<br \/>&#8211; Diversifiant les sources de production,<br \/>&#8211; Incitant \u00e0 la ma\u00eetrise des consommations (sobri\u00e9t\u00e9)<\/p>\n<p>En plein accord avec la d\u00e9marche n\u00e9gaWatt, la soci\u00e9t\u00e9 B.WATT41 SAS est cr\u00e9\u00e9e comme entit\u00e9 juridique devant servir de supports aux projets de production d&rsquo;\u00e9nergies renouvelables et de distribution, principalement sur le bassin de vie du Blaisois et ses alentours<\/p>\n\n<p>\u00a0<\/p>\n\t\t\t\t\t\t\t\t<\/div>\n\t\t\t\t<\/div>\n\t\t\t\t\t<\/div>\n\t\t<\/div>\n\t\t\t\t\t<\/div>\n\t\t<\/section>\n\t\t\t\t<section class=\"elementor-section elementor-top-section elementor-element elementor-element-3909e2e elementor-section-boxed elementor-section-height-default elementor-section-height-default\" data-id=\"3909e2e\" data-element_type=\"section\" data-e-type=\"section\">\n\t\t\t\t\t\t<div class=\"elementor-container elementor-column-gap-default\">\n\t\t\t\t\t<div class=\"elementor-column elementor-col-50 elementor-top-column elementor-element elementor-element-59ea0fb\" data-id=\"59ea0fb\" data-element_type=\"column\" data-e-type=\"column\">\n\t\t\t<div class=\"elementor-widget-wrap elementor-element-populated\">\n\t\t\t\t\t\t<div class=\"elementor-element elementor-element-1ecc9b8 elementor-widget elementor-widget-heading\" data-id=\"1ecc9b8\" data-element_type=\"widget\" data-e-type=\"widget\" data-widget_type=\"heading.default\">\n\t\t\t\t<div class=\"elementor-widget-container\">\n\t\t\t\t\t<h3 class=\"elementor-heading-title elementor-size-default\">Des valeurs<\/h3>\t\t\t\t<\/div>\n\t\t\t\t<\/div>\n\t\t\t\t<div class=\"elementor-element elementor-element-65cc52f elementor-widget elementor-widget-text-editor\" data-id=\"65cc52f\" data-element_type=\"widget\" data-e-type=\"widget\" data-widget_type=\"text-editor.default\">\n\t\t\t\t<div class=\"elementor-widget-container\">\n\t\t\t\t\t\t\t\t\t<p>La soci\u00e9t\u00e9 respecte au travers de l&rsquo;ensemble de ses activit\u00e9s les valeurs d\u00e9finies dans la charte de l\u2019association Blais\u2019Watt.<br \/>Elle s&rsquo;engage notamment \u00e0 :<\/p>\n<p><!-- \/wp:paragraph --><!-- wp:list --><\/p>\n<ul>\n<li>Faire participer le maximum de personnes \u00e0 la gestion de l&rsquo;entreprise gr\u00e2ce \u00e0 une gouvernance d\u00e9mocratique, solidaire et citoyenne, sur le principe \u00ab un\u00b7e associ\u00e9\u00b7e = une voix \u00bb, mettant ainsi le citoyen au coeur de son fonctionnement et d\u00e9veloppant la participation \u00e0 la gestion et aux r\u00e9sultats de l&rsquo;entreprise ;<\/li>\n<li>OEuvrer au maximum avec les Collectivit\u00e9s Territoriales pour une concertation et une co-construction des projets avec les habitants et acteurs du territoire ;<\/li>\n<li>Respecter les patrimoines paysager, urbanistique, architectural, social et contribuer \u00e0 une perception positive de son \u00e9volution par les habitants et usagers du territoire ;<\/li>\n<li>Rechercher en priorit\u00e9 \u00e0 conforter le d\u00e9veloppement local, et concourir \u00e0 la cr\u00e9ation de richesse pour ses habitants et entreprises ;<\/li>\n<li>Proposer \u00e0 ses associ\u00e9\u00b7e\u00b7s une alternative aux placements financiers traditionnels, avec un objectif de long terme, en participant \u00e0 l&rsquo;ind\u00e9pendance \u00e9nerg\u00e9tique du territoire.<\/li>\n<\/ul>\t\t\t\t\t\t\t\t<\/div>\n\t\t\t\t<\/div>\n\t\t\t\t\t<\/div>\n\t\t<\/div>\n\t\t\t\t<div class=\"elementor-column elementor-col-50 elementor-top-column elementor-element elementor-element-9c0cad7\" data-id=\"9c0cad7\" data-element_type=\"column\" data-e-type=\"column\">\n\t\t\t<div class=\"elementor-widget-wrap elementor-element-populated\">\n\t\t\t\t\t\t<div class=\"elementor-element elementor-element-214bfba elementor-widget elementor-widget-heading\" data-id=\"214bfba\" data-element_type=\"widget\" data-e-type=\"widget\" data-widget_type=\"heading.default\">\n\t\t\t\t<div class=\"elementor-widget-container\">\n\t\t\t\t\t<h2 class=\"elementor-heading-title elementor-size-default\">Tout savoir sur B.Watt41<\/h2>\t\t\t\t<\/div>\n\t\t\t\t<\/div>\n\t\t\t\t<div class=\"elementor-element elementor-element-745c2c2 elementor-widget elementor-widget-text-editor\" data-id=\"745c2c2\" data-element_type=\"widget\" data-e-type=\"widget\" data-widget_type=\"text-editor.default\">\n\t\t\t\t<div class=\"elementor-widget-container\">\n\t\t\t\t\t\t\t\t\t<p>Statuts de la soci\u00e9t\u00e9 B.Watt41<\/p>\n<p>\u00a0<\/p>\n<p><!-- \/wp:paragraph --><!-- wp:paragraph --><\/p>\n<p>\u00a0<\/p>\t\t\t\t\t\t\t\t<\/div>\n\t\t\t\t<\/div>\n\t\t\t\t<div class=\"elementor-element elementor-element-245741f elementor-widget elementor-widget-heading\" data-id=\"245741f\" data-element_type=\"widget\" data-e-type=\"widget\" data-widget_type=\"heading.default\">\n\t\t\t\t<div class=\"elementor-widget-container\">\n\t\t\t\t\t<h2 class=\"elementor-heading-title elementor-size-default\">Souscrire<\/h2>\t\t\t\t<\/div>\n\t\t\t\t<\/div>\n\t\t\t\t<div class=\"elementor-element elementor-element-49bdd46 elementor-widget elementor-widget-text-editor\" data-id=\"49bdd46\" data-element_type=\"widget\" data-e-type=\"widget\" data-widget_type=\"text-editor.default\">\n\t\t\t\t<div class=\"elementor-widget-container\">\n\t\t\t\t\t\t\t\t\t<p><\/p>\n<p>Vous souhaitez souscrire pour aider \u00e0 financer nos projets ? T\u00e9l\u00e9charger le dossier de souscription.<\/p>\n<p><!-- \/wp:paragraph --><!-- wp:file {\"id\":914,\"href\":\"https:\/\/www.blaiswatt.fr\/wp-content\/uploads\/2021\/06\/Dossier-de-souscription-B.WATT41-SAS-v230621.pdf\"} --><\/p>\n<div class=\"wp-block-file\"><br><\/div>\n<p><!-- \/wp:file --><!-- wp:paragraph --><\/p>\n<p>Document d\u2019Information Synth\u00e9tique : <br>document d\u2019information r\u00e9glementaire synth\u00e9tique \u00e0 fournir dans le cadre d\u2019une offre de financement participatif<\/p>\t\t\t\t\t\t\t\t<\/div>\n\t\t\t\t<\/div>\n\t\t\t\t\t<\/div>\n\t\t<\/div>\n\t\t\t\t\t<\/div>\n\t\t<\/section>\n\t\t\t\t<\/div>\n\t\t","protected":false},"excerpt":{"rendered":"<p>Pourquoi une soci\u00e9t\u00e9 ? Le collectif Blais&rsquo;Watt se propose de se r\u00e9approprier la question de l\u2019\u00e9nergie, en :&#8211; D\u00e9veloppant la [&hellip;]<\/p>\n","protected":false},"author":1,"featured_media":1307,"parent":0,"menu_order":0,"comment_status":"closed","ping_status":"closed","template":"","meta":{"site-sidebar-layout":"default","site-content-layout":"","ast-site-content-layout":"","site-content-style":"default","site-sidebar-style":"default","ast-global-header-display":"","ast-banner-title-visibility":"","ast-main-header-display":"","ast-hfb-above-header-display":"","ast-hfb-below-header-display":"","ast-hfb-mobile-header-display":"","site-post-title":"","ast-breadcrumbs-content":"","ast-featured-img":"","footer-sml-layout":"","theme-transparent-header-meta":"","adv-header-id-meta":"","stick-header-meta":"","header-above-stick-meta":"","header-main-stick-meta":"","header-below-stick-meta":"","astra-migrate-meta-layouts":"default","ast-page-background-enabled":"default","ast-page-background-meta":{"desktop":{"background-color":"var(--ast-global-color-5)","background-image":"","background-repeat":"repeat","background-position":"center center","background-size":"auto","background-attachment":"scroll","background-type":"","background-media":"","overlay-type":"","overlay-color":"","overlay-opacity":"","overlay-gradient":""},"tablet":{"background-color":"","background-image":"","background-repeat":"repeat","background-position":"center center","background-size":"auto","background-attachment":"scroll","background-type":"","background-media":"","overlay-type":"","overlay-color":"","overlay-opacity":"","overlay-gradient":""},"mobile":{"background-color":"","background-image":"","background-repeat":"repeat","background-position":"center center","background-size":"auto","background-attachment":"scroll","background-type":"","background-media":"","overlay-type":"","overlay-color":"","overlay-opacity":"","overlay-gradient":""}},"ast-content-background-meta":{"desktop":{"background-color":"var(--ast-global-color-4)","background-image":"","background-repeat":"repeat","background-position":"center center","background-size":"auto","background-attachment":"scroll","background-type":"","background-media":"","overlay-type":"","overlay-color":"","overlay-opacity":"","overlay-gradient":""},"tablet":{"background-color":"var(--ast-global-color-4)","background-image":"","background-repeat":"repeat","background-position":"center center","background-size":"auto","background-attachment":"scroll","background-type":"","background-media":"","overlay-type":"","overlay-color":"","overlay-opacity":"","overlay-gradient":""},"mobile":{"background-color":"var(--ast-global-color-4)","background-image":"","background-repeat":"repeat","background-position":"center center","background-size":"auto","background-attachment":"scroll","background-type":"","background-media":"","overlay-type":"","overlay-color":"","overlay-opacity":"","overlay-gradient":""}},"footnotes":""},"class_list":["post-579","page","type-page","status-publish","has-post-thumbnail","hentry"],"_links":{"self":[{"href":"https:\/\/old.blaiswatt.fr\/index.php?rest_route=\/wp\/v2\/pages\/579","targetHints":{"allow":["GET"]}}],"collection":[{"href":"https:\/\/old.blaiswatt.fr\/index.php?rest_route=\/wp\/v2\/pages"}],"about":[{"href":"https:\/\/old.blaiswatt.fr\/index.php?rest_route=\/wp\/v2\/types\/page"}],"author":[{"embeddable":true,"href":"https:\/\/old.blaiswatt.fr\/index.php?rest_route=\/wp\/v2\/users\/1"}],"replies":[{"embeddable":true,"href":"https:\/\/old.blaiswatt.fr\/index.php?rest_route=%2Fwp%2Fv2%2Fcomments&post=579"}],"version-history":[{"count":58,"href":"https:\/\/old.blaiswatt.fr\/index.php?rest_route=\/wp\/v2\/pages\/579\/revisions"}],"predecessor-version":[{"id":2270,"href":"https:\/\/old.blaiswatt.fr\/index.php?rest_route=\/wp\/v2\/pages\/579\/revisions\/2270"}],"wp:featuredmedia":[{"embeddable":true,"href":"https:\/\/old.blaiswatt.fr\/index.php?rest_route=\/wp\/v2\/media\/1307"}],"wp:attachment":[{"href":"https:\/\/old.blaiswatt.fr\/index.php?rest_route=%2Fwp%2Fv2%2Fmedia&parent=579"}],"curies":[{"name":"wp","href":"https:\/\/api.w.org\/{rel}","templated":true}]}}